(-44)?
8
Suppose t - 23 = -1. Let d = t - -3. Suppose -162*p - 18 = -164*p. Calculate the remainder when d is divided by p.
7
Let v(z) = 12*z - 2. Let d be v(-1). Let y = 18 + d. What is the remainder when 14 is divided by y?
2
Suppose 5 = 2*f - 3. Suppose -3*d + 4*k = 14, -5*d + 28 = -d + f*k. Suppose -25 = d*a - 3*a. What is the remainder when 49 is divided by a?
24
Suppose -4*i - 2*o + 0*o = 30, -i + 4*o - 3 = 0. Suppose -4*y + 137 + 249 = -2*x, -y - 2*x + 84 = 0. Calculate the remainder when y is divided by (-1 - i)*16/3.
30
Let r(j) = -j**2 - 21*j - 26. What is the remainder when 200 is divided by r(-19)?
8
Let l = -211 - -568. Calculate the remainder when l is divided by 20.
17
Suppose i = 2*i - 53. Let s(d) = -55*d + 9. Calculate the remainder when i is divided by s(0).
8
Suppose 4*b - 4*x = 0, -23*b = -18*b + x - 24. Let z = -1 + 16. Calculate the remainder when z is divided by b.
3
Let a be 1/(-5) - (-48)/15. Suppose -9 = -d - a*v, 0*v + 36 = 4*d + 5*v. What is the remainder when 25 is divided by d?
7
Let z = 54 - 39. What is the remainder when 402 is divided by z?
12
Let z(n) = 125*n**2 + 2*n - 1. Let x(w) = -9*w**2 - 415*w - 30. What is the remainder when z(1) is divided by x(-46)?
14
Suppose 0*q - 4 = 2*q. Let d(l) = 10*l. Let o be d(q). What is the remainder when 3 is divided by (-10)/(-55) - o/11?
1
Suppose -11*y - 25 = -410. What is the remainder when 211 is divided by y?
1
Let a(v) = 165 - v + 3*v**2 - 2*v**2 - 169. Let c(d) = -d**3 + 9*d**2 + 10*d + 7. Let z be c(10). What is the remainder when a(z) is divided by 20?
18
Suppose -3*p + 0*d + d = -237, 0 = 3*p - 5*d - 237. Let f(x) = -3*x**2 - 34*x - 74. Calculate the remainder when p is divided by f(-7).
11
Let k(q) = q**2 + 6*q + 8. Let j be k(-4). Suppose j = -o - o + 38. What is the remainder when o is divided by 14?
5
Suppose 0*o - 2*o = -30. Let z(i) be the first derivative of i**4/4 - 5*i**3/3 - 5*i**2 + i + 2. Calculate the remainder when z(7) is divided by o.
14
Let w = -10 - -14. Suppose w*h = -2*f + 12, 0*f - 7 = -2*f + h. Suppose 2*l = f*x - 9 - 59, 0 = -5*x + 2*l + 84. What is the remainder when 30 is divided by x?
14
Let a be (-1 - 0)/((-4)/92). Let d = -20 + a. What is the remainder when 33 is divided by (60/(-8) + d)*-2?
6
Let x = -36 + 75. Suppose -30 = -p + 5*o - 11, 2*p + 7 = -5*o. What is the remainder when x is divided by p?
3
Suppose -1 = -k + 1. Suppose -60 = -2*g - k*g. What is the remainder when 7*(2/4 + 218/28) is divided by g?
13
Suppose 0 = 3*u + 2*u + 2*p - 30, 0 = -3*u + 4*p + 44. Suppose 13 = o + 3*c - u, 0 = 2*o - 2*c - 2. Calculate the remainder when o is divided by 2.
0
Let k(t) = -t**2 + 10*t - 11. Suppose r = 5*g + 20 - 1, -4*g + 10 = 2*r. Let c be k(r). Calculate the remainder when -2 + 8 - 4/c is divided by 3.
2
Suppose 0*s + 2*s = 5*f - 21, -2*f + 4*s = -2. Let h = -66 + 107. Let t = -29 + h. What is the remainder when t is divided by f?
2
Let g(d) = -2*d**2 + 64*d - 75. What is the remainder when g(28) is divided by 31?
25
Let z = 54 + -29. Let k = -9 + z. What is the remainder when 46 is divided by k?
14
Suppose -288 = -4*m - 2*f, 3*m + 2*f = -2*f + 226. What is the remainder when m is divided by 9?
7
Let b(q) = -q**3 + 2*q**2 + 13*q + 10. Calculate the remainder when b(-4) is divided by 12.
6
Let b = -15 - -14. Let i = -18 + 34. Calculate the remainder when (-30)/b + -3 + 3 is divided by i.
14
Calculate the remainder when 1350 is divided by 660/(-150)*15/(-2).
30
Suppose -172 = -6*d + 206. Calculate the remainder when d is divided by 8.
7
Let q = 181 - 109. Calculate the remainder when q is divided by 11.
6
Let t = -118 - -124. What is the remainder when 29 is divided by t?
5
Let y be (-14 + 4)*4/(-2). Let l = 27 - y. Calculate the remainder when 20 is divided by l.
6
Suppose -99*z + 992 = -95*z. Calculate the remainder when z is divided by 26.
14
Suppose -37 = -18*r + 17*r. What is the remainder when r is divided by 19 + -4*(-2)/(-4) + 2?
18
Suppose 0 = 5*z - 10, m - 3*z = -3 + 1. Suppose -3*o + 5*v + 60 = 0, -m*o + 2*v + 2*v = -88. What is the remainder when o is divided by 9?
7
Suppose 50*l - 49*l = 20. Suppose -5*u + 74 + 221 = 0. What is the remainder when u is divided by l?
19
Let y(z) = -z**3 - 3*z**2 + 2*z + 4. Let u be y(-3). What is the remainder when 34 is divided by (-12 - u)*(2 + -1 + -2)?
4
Let g(m) = m + 2. Let t be g(-2). Let s = 4 + t. Suppose c + 33 = s*c. Calculate the remainder when 32 is divided by c.
10
Let x(u) = -u + 3. Let g be x(2). What is the remainder when -1*(1 + g + -29) is divided by -1 + -2 + 9 + 4?
7
Let p = 8 + -5. Let o be -5*1/p*-3. Suppose -o*f + 32 = -18. What is the remainder when 26 is divided by f?
6
Let u(t) = -2*t**3 - 34*t**2 - 3*t - 36. What is the remainder when 506 is divided by u(-17)?
11
Let c = 279 + -172. Let j(f) be the first derivative of -f**4/4 + f**3/3 + 5*f**2/2 + 6*f - 11. What is the remainder when c is divided by j(-3)?
26
Let c be 0/12 - (-2 - -3). What is the remainder when -4 - (c + 2 - 23) is divided by 11?
7
Suppose 10*g + 510 = -40. Let p = g - -85. Calculate the remainder when p is divided by 12.
6
Let i(m) = m**3 - 53*m**2 + 53*m + 98. What is the remainder when i(52) is divided by 16?
6
Suppose d = 2*t + 161, -4*t + 2*d = -6*t - 158. Let y = -64 - t. What is the remainder when 63 is divided by y?
15
Let b = -71 + 89. What is the remainder when 142 is divided by b?
16
Let g(c) = -c**3 - 19*c**2 + 180*c + 39. Suppose -q + 92 = 3*q. Calculate the remainder when g(-26) is divided by q.
22
Suppose -2*o + 49 = -5*p, 5*o - 3*o - 3*p - 39 = 0. Let i be (684/27)/((-4)/(-6)). Let l = i - -7. What is the remainder when l is divided by o?
9
Let s = 126 + -115. Let j = 91 + -62. Calculate the remainder when j is divided by s.
7
Suppose -11*v + 10*v + 12 = 0. Let o(a) = 64*a - 6. Calculate the remainder when o(1) is divided by v.
10
Suppose 3*j - 6 = 2*n - n, 8 = 2*n + 4*j. Suppose 3*m - 37 - 23 = n. Let l(a) = 4*a**2 - a. What is the remainder when l(-3) is divided by m?
19
Suppose -3*i = -4*i + 7. Calculate the remainder when 16 is divided by i.
2
Let c(j) = j**3 - 22*j**2 - 20*j - 54. Let q be c(23). Suppose -q*i + 201 = -12*i. Calculate the remainder when i is divided by 14.
11
Let n be (-68)/(-12) - 4/(-12). Let f(x) = -x**2 + 7*x + 3. What is the remainder when 16 is divided by f(n)?
7
Let y be 30/(-7) - (-4)/14. Suppose 4*l = 2*l - 20. Calculate the remainder when (-64)/(-20)*l/y is divided by 5.
3
Suppose 2*q + 2*q = x + 7, 22 = 5*x - q. Suppose -3*k - u + 84 = 0, -x*k - u + 137 = -3. Calculate the remainder when k is divided by 16.
12
Let b(c) be the second derivative of c**4/12 - 19*c**3/6 - 7*c**2 - 10*c. What is the remainder when b(22) is divided by 18?
16
Suppose 4*n + 7 = 5*s, 2*s = 5*n - 2*s + 11. Suppose -v = 3 - 6. What is the remainder when (95/57)/((-1)/n) is divided by v?
2
Let k(i) = -2*i + 14. Let y be k(7). Suppose 3*m - 31 + 16 = y. Calculate the remainder when 9 is divided by m.
4
Suppose 11*b - 12*b = -2*y - 12, 5*b - 32 = -4*y. What is the remainder when 97 is divided by b?
1
Suppose 3*n = n - 2. Let c = -293 + 281. Calculate the remainder when (-16 - n)*c/6 is divided by 17.
13
Let k(a) = 13*a - 6. Let q be k(4). Let j = q + -20. Calculate the remainder when j is divided by 0 - -3 - -6*1.
8
What is the remainder when (3 + -3 + 1)*2534/7 is divided by 179?
4
Let p = -484 - -514. What is the remainder when 53 is divided by p?
23
Suppose 0 = -0*s + 3*s - 2*i - 632, -4*s + 4*i + 836 = 0. Calculate the remainder when s is divided by 55.
49
Suppose 19 = 4*n + 47. Let t(z) = -7*z - 17. What is the remainder when 60 is divided by t(n)?
28
Let i be (-5)/(1 + 4)*41. Let h = 74 + i. Let t(j) = -j**2 - 5*j + 3. Calculate the remainder when h is divided by t(-4).
5
Let s(n) = n**2 - 32*n + 226. What is the remainder when 77 is divided by s(22)?
5
Let r = -10 + 310. Suppose -11*q = -q - r. What is the remainder when q is divided by 11?
8
Suppose 0 = -3*c + 17*l - 15*l + 62, 0 = -4*c - 5*l + 52. Calculate the remainder when c is divided by 14.
4
Let w(x) = 2*x**2 - 11*x + 18. Suppose -m = -18 + 10. What is the remainder when w(m) is divided by (-59)/(-3) + 1/3?
18
Suppose 3 = -h, -d + 5*d - h = 31. Let g = 18 + d. Let s = 45 - g. What is the remainder when s is di